{"id":483,"date":"2025-03-08T19:56:05","date_gmt":"2025-03-08T19:56:05","guid":{"rendered":"https:\/\/bebeglee.com\/?post_type=product&#038;p=483"},"modified":"2025-09-13T16:48:37","modified_gmt":"2025-09-13T16:48:37","slug":"kugu-islemeli-3lu-yenidogan-takimi-tiny-swan","status":"publish","type":"product","link":"https:\/\/bebeglee.com\/?product=kugu-islemeli-3lu-yenidogan-takimi-tiny-swan","title":{"rendered":"Ku\u011fu \u0130\u015flemeli 3&#8217;l\u00fc Yenido\u011fan Tak\u0131m\u0131 \u2013 Tiny Swan"},"content":{"rendered":"<p>Ku\u011fu \u0130\u015flemeli 3&#8217;l\u00fc Yenido\u011fan Tak\u0131m\u0131 \u2013 Zarafet ve Konfor Bir Arada!<\/p>\n<p>Bebe\u011finizin hassas cildi i\u00e7in \u00f6zel olarak tasarlanan Ku\u011fu \u0130\u015flemeli 3&#8217;l\u00fc Yenido\u011fan Tak\u0131m\u0131, %100 organik pamuk yap\u0131s\u0131yla ultra yumu\u015fak ve nefes alabilir bir konfor sunar. Beyaz renkli \u015f\u0131k tasar\u0131m\u0131 ve zarif ku\u011fu i\u015flemesi ile minik prensesiniz i\u00e7in hem rahat hem de g\u00f6z al\u0131c\u0131 bir se\u00e7im!<\/p>\n<p>Tak\u0131m \u0130\u00e7eri\u011fi:<\/p>\n<p>\u2714 Ku\u011fu i\u015flemeli z\u0131b\u0131n \u2013 Yumu\u015fac\u0131k dokusu ile bebe\u011finizin cildine dost.<\/p>\n<p>\u2714 Uyumlu pantolon \u2013 Esnek beli sayesinde rahat hareket imkan\u0131 sunar.<\/p>\n<p>\u2714 Kap\u00fc\u015fonlu ve t\u00fct\u00fcl\u00fc ceket \u2013 \u015eirin tasar\u0131m\u0131yla bebe\u011finize tatl\u0131 bir g\u00f6r\u00fcn\u00fcm kazand\u0131r\u0131r.<\/p>\n<p>\u00d6zellikler:<\/p>\n<p>\u2728 %100 organik pamuk \u2013 Cildi tahri\u015f etmez, do\u011fal ve sa\u011fl\u0131kl\u0131d\u0131r.<\/p>\n<p>\u2728 Nefes alabilir ve terletmez \u2013 Yenido\u011fanlar i\u00e7in ideal konfor sa\u011flar.<\/p>\n<p>\u2728 Kolay giydirme \u2013 Pratik tasar\u0131m\u0131 sayesinde ebeveyn dostu.<\/p>\n<p>\u2728 0-3 ay aras\u0131 bebekler i\u00e7in uygundur.<\/p>\n<p>Bebe\u011finizin zarif ve rahat hissetmesi i\u00e7in \u015fimdi ke\u015ffedin!<\/p>\n<div style=\"width: 216px\" class=\"wp-video\"><!--[if lt IE 9]&gt;document.createElement('video');&lt;![endif]--><br \/>\n<video class=\"wp-video-shortcode\" id=\"video-0-1\" width=\"216\" height=\"384\" preload=\"metadata\" controls=\"controls\"><a href=\"https:\/\/bebeglee.com\/wp-content\/uploads\/2025\/03\/U3.mp4\">https:\/\/bebeglee.com\/wp-content\/uploads\/2025\/03\/U3.mp4<\/a><\/video><\/div>\n","protected":false},"excerpt":{"rendered":"<p>Ku\u011fu \u0130\u015flemeli 3&#8217;l\u00fc Yenido\u011fan Tak\u0131m\u0131 \u2013 Zarafet ve Konfor Bir Arada! Bebe\u011finizin hassas cildi i\u00e7in \u00f6zel olarak tasarlanan Ku\u011fu \u0130\u015flemeli 3&#8217;l\u00fc Yenido\u011fan Tak\u0131m\u0131, %100 organik pamuk yap\u0131s\u0131yla ultra yumu\u015fak ve nefes alabilir bir konfor sunar. Beyaz renkli \u015f\u0131k tasar\u0131m\u0131 ve zarif ku\u011fu i\u015flemesi ile minik prensesiniz i\u00e7in hem rahat hem de g\u00f6z al\u0131c\u0131 bir se\u00e7im!&#8230;<\/p>\n","protected":false},"featured_media":2366,"comment_status":"open","ping_status":"closed","template":"","meta":{"_kad_post_transparent":"default","_kad_post_title":"","_kad_post_layout":"default","_kad_post_sidebar_id":"","_kad_post_content_style":"default","_kad_post_vertical_padding":"default","_kad_post_feature":"","_kad_post_feature_position":"","_kad_post_header":false,"_kad_post_footer":false},"product_brand":[],"product_cat":[20],"product_tag":[33,31,23,30],"class_list":{"0":"post-483","1":"product","2":"type-product","3":"status-publish","4":"has-post-thumbnail","6":"product_cat-yenidogan","7":"product_tag-bebeglee","8":"product_tag-bebek-takim","9":"product_tag-kiz-bebek","10":"product_tag-yenidogan","12":"first","13":"instock","14":"shipping-taxable","15":"purchasable","16":"product-type-simple","17":"entry","18":"content-bg","19":"loop-entry"},"yoast_head":"<!-- This site is optimized with the Yoast SEO plugin v26.3 - https:\/\/yoast.com\/wordpress\/plugins\/seo\/ -->\n<title>Ku\u011fu \u0130\u015flemeli 3&#039;l\u00fc Yenido\u011fan Tak\u0131m\u0131 \u2013 Tiny Swan - BEBEGLEE<\/title>\n<meta name=\"robots\" content=\"index, follow, max-snippet:-1, max-image-preview:large, max-video-preview:-1\" \/>\n<link rel=\"canonical\" href=\"https:\/\/bebeglee.com\/?product=kugu-islemeli-3lu-yenidogan-takimi-tiny-swan\" \/>\n<meta property=\"og:locale\" content=\"tr_TR\" \/>\n<meta property=\"og:type\" content=\"article\" \/>\n<meta property=\"og:title\" content=\"Ku\u011fu \u0130\u015flemeli 3&#039;l\u00fc Yenido\u011fan Tak\u0131m\u0131 \u2013 Tiny Swan - BEBEGLEE\" \/>\n<meta property=\"og:description\" content=\"Ku\u011fu \u0130\u015flemeli 3&#8217;l\u00fc Yenido\u011fan Tak\u0131m\u0131 \u2013 Zarafet ve Konfor Bir Arada! Bebe\u011finizin hassas cildi i\u00e7in \u00f6zel olarak tasarlanan Ku\u011fu \u0130\u015flemeli 3&#8217;l\u00fc Yenido\u011fan Tak\u0131m\u0131, %100 organik pamuk yap\u0131s\u0131yla ultra yumu\u015fak ve nefes alabilir bir konfor sunar. Beyaz renkli \u015f\u0131k tasar\u0131m\u0131 ve zarif ku\u011fu i\u015flemesi ile minik prensesiniz i\u00e7in hem rahat hem de g\u00f6z al\u0131c\u0131 bir se\u00e7im!...\" \/>\n<meta property=\"og:url\" content=\"https:\/\/bebeglee.com\/?product=kugu-islemeli-3lu-yenidogan-takimi-tiny-swan\" \/>\n<meta property=\"og:site_name\" content=\"BEBEGLEE\" \/>\n<meta property=\"article:modified_time\" content=\"2025-09-13T16:48:37+00:00\" \/>\n<meta property=\"og:image\" content=\"https:\/\/bebeglee.com\/wp-content\/uploads\/2025\/03\/1000027801.jpg\" \/>\n\t<meta property=\"og:image:width\" content=\"1080\" \/>\n\t<meta property=\"og:image:height\" content=\"1350\" \/>\n\t<meta property=\"og:image:type\" content=\"image\/jpeg\" \/>\n<meta name=\"twitter:card\" content=\"summary_large_image\" \/>\n<meta name=\"twitter:label1\" content=\"Tahmini okuma s\u00fcresi\" \/>\n\t<meta name=\"twitter:data1\" content=\"1 dakika\" \/>\n<script type=\"application\/ld+json\" class=\"yoast-schema-graph\">{\"@context\":\"https:\/\/schema.org\",\"@graph\":[{\"@type\":\"WebPage\",\"@id\":\"https:\/\/bebeglee.com\/?product=kugu-islemeli-3lu-yenidogan-takimi-tiny-swan\",\"url\":\"https:\/\/bebeglee.com\/?product=kugu-islemeli-3lu-yenidogan-takimi-tiny-swan\",\"name\":\"Ku\u011fu \u0130\u015flemeli 3'l\u00fc Yenido\u011fan Tak\u0131m\u0131 \u2013 Tiny Swan - BEBEGLEE\",\"isPartOf\":{\"@id\":\"https:\/\/bebeglee.com\/#website\"},\"primaryImageOfPage\":{\"@id\":\"https:\/\/bebeglee.com\/?product=kugu-islemeli-3lu-yenidogan-takimi-tiny-swan#primaryimage\"},\"image\":{\"@id\":\"https:\/\/bebeglee.com\/?product=kugu-islemeli-3lu-yenidogan-takimi-tiny-swan#primaryimage\"},\"thumbnailUrl\":\"https:\/\/bebeglee.com\/wp-content\/uploads\/2025\/03\/1000027801.jpg\",\"datePublished\":\"2025-03-08T19:56:05+00:00\",\"dateModified\":\"2025-09-13T16:48:37+00:00\",\"breadcrumb\":{\"@id\":\"https:\/\/bebeglee.com\/?product=kugu-islemeli-3lu-yenidogan-takimi-tiny-swan#breadcrumb\"},\"inLanguage\":\"tr\",\"potentialAction\":[{\"@type\":\"ReadAction\",\"target\":[\"https:\/\/bebeglee.com\/?product=kugu-islemeli-3lu-yenidogan-takimi-tiny-swan\"]}]},{\"@type\":\"ImageObject\",\"inLanguage\":\"tr\",\"@id\":\"https:\/\/bebeglee.com\/?product=kugu-islemeli-3lu-yenidogan-takimi-tiny-swan#primaryimage\",\"url\":\"https:\/\/bebeglee.com\/wp-content\/uploads\/2025\/03\/1000027801.jpg\",\"contentUrl\":\"https:\/\/bebeglee.com\/wp-content\/uploads\/2025\/03\/1000027801.jpg\",\"width\":1080,\"height\":1350},{\"@type\":\"BreadcrumbList\",\"@id\":\"https:\/\/bebeglee.com\/?product=kugu-islemeli-3lu-yenidogan-takimi-tiny-swan#breadcrumb\",\"itemListElement\":[{\"@type\":\"ListItem\",\"position\":1,\"name\":\"Anasayfa\",\"item\":\"https:\/\/bebeglee.com\/\"},{\"@type\":\"ListItem\",\"position\":2,\"name\":\"Ma\u011faza\",\"item\":\"https:\/\/bebeglee.com\/?page_id=6\"},{\"@type\":\"ListItem\",\"position\":3,\"name\":\"Ku\u011fu \u0130\u015flemeli 3&#8217;l\u00fc Yenido\u011fan Tak\u0131m\u0131 \u2013 Tiny Swan\"}]},{\"@type\":\"WebSite\",\"@id\":\"https:\/\/bebeglee.com\/#website\",\"url\":\"https:\/\/bebeglee.com\/\",\"name\":\"BEBEGLEE\",\"description\":\"Miniklerin Mutlulu\u011fu \u0130\u00e7in...\",\"publisher\":{\"@id\":\"https:\/\/bebeglee.com\/#organization\"},\"potentialAction\":[{\"@type\":\"SearchAction\",\"target\":{\"@type\":\"EntryPoint\",\"urlTemplate\":\"https:\/\/bebeglee.com\/?s={search_term_string}\"},\"query-input\":{\"@type\":\"PropertyValueSpecification\",\"valueRequired\":true,\"valueName\":\"search_term_string\"}}],\"inLanguage\":\"tr\"},{\"@type\":\"Organization\",\"@id\":\"https:\/\/bebeglee.com\/#organization\",\"name\":\"BEBEGLEE\",\"url\":\"https:\/\/bebeglee.com\/\",\"logo\":{\"@type\":\"ImageObject\",\"inLanguage\":\"tr\",\"@id\":\"https:\/\/bebeglee.com\/#\/schema\/logo\/image\/\",\"url\":\"https:\/\/bebeglee.com\/wp-content\/uploads\/2025\/11\/cropped-Adsiz-tasarim-2025-11-09T000159.593.png\",\"contentUrl\":\"https:\/\/bebeglee.com\/wp-content\/uploads\/2025\/11\/cropped-Adsiz-tasarim-2025-11-09T000159.593.png\",\"width\":2158,\"height\":2097,\"caption\":\"BEBEGLEE\"},\"image\":{\"@id\":\"https:\/\/bebeglee.com\/#\/schema\/logo\/image\/\"},\"sameAs\":[\"https:\/\/www.trendyol.com\/magaza\/bebeglee-m-1111154?sst=0\",\"https:\/\/www.hepsiburada.com\/magaza\/bebeglee\",\"https:\/\/www.instagram.com\/bebe.glee\/\"]}]}<\/script>\n<!-- \/ Yoast SEO plugin. -->","yoast_head_json":{"title":"Ku\u011fu \u0130\u015flemeli 3'l\u00fc Yenido\u011fan Tak\u0131m\u0131 \u2013 Tiny Swan - BEBEGLEE","robots":{"index":"index","follow":"follow","max-snippet":"max-snippet:-1","max-image-preview":"max-image-preview:large","max-video-preview":"max-video-preview:-1"},"canonical":"https:\/\/bebeglee.com\/?product=kugu-islemeli-3lu-yenidogan-takimi-tiny-swan","og_locale":"tr_TR","og_type":"article","og_title":"Ku\u011fu \u0130\u015flemeli 3'l\u00fc Yenido\u011fan Tak\u0131m\u0131 \u2013 Tiny Swan - BEBEGLEE","og_description":"Ku\u011fu \u0130\u015flemeli 3&#8217;l\u00fc Yenido\u011fan Tak\u0131m\u0131 \u2013 Zarafet ve Konfor Bir Arada! Bebe\u011finizin hassas cildi i\u00e7in \u00f6zel olarak tasarlanan Ku\u011fu \u0130\u015flemeli 3&#8217;l\u00fc Yenido\u011fan Tak\u0131m\u0131, %100 organik pamuk yap\u0131s\u0131yla ultra yumu\u015fak ve nefes alabilir bir konfor sunar. Beyaz renkli \u015f\u0131k tasar\u0131m\u0131 ve zarif ku\u011fu i\u015flemesi ile minik prensesiniz i\u00e7in hem rahat hem de g\u00f6z al\u0131c\u0131 bir se\u00e7im!...","og_url":"https:\/\/bebeglee.com\/?product=kugu-islemeli-3lu-yenidogan-takimi-tiny-swan","og_site_name":"BEBEGLEE","article_modified_time":"2025-09-13T16:48:37+00:00","og_image":[{"width":1080,"height":1350,"url":"https:\/\/bebeglee.com\/wp-content\/uploads\/2025\/03\/1000027801.jpg","type":"image\/jpeg"}],"twitter_card":"summary_large_image","twitter_misc":{"Tahmini okuma s\u00fcresi":"1 dakika"},"schema":{"@context":"https:\/\/schema.org","@graph":[{"@type":"WebPage","@id":"https:\/\/bebeglee.com\/?product=kugu-islemeli-3lu-yenidogan-takimi-tiny-swan","url":"https:\/\/bebeglee.com\/?product=kugu-islemeli-3lu-yenidogan-takimi-tiny-swan","name":"Ku\u011fu \u0130\u015flemeli 3'l\u00fc Yenido\u011fan Tak\u0131m\u0131 \u2013 Tiny Swan - BEBEGLEE","isPartOf":{"@id":"https:\/\/bebeglee.com\/#website"},"primaryImageOfPage":{"@id":"https:\/\/bebeglee.com\/?product=kugu-islemeli-3lu-yenidogan-takimi-tiny-swan#primaryimage"},"image":{"@id":"https:\/\/bebeglee.com\/?product=kugu-islemeli-3lu-yenidogan-takimi-tiny-swan#primaryimage"},"thumbnailUrl":"https:\/\/bebeglee.com\/wp-content\/uploads\/2025\/03\/1000027801.jpg","datePublished":"2025-03-08T19:56:05+00:00","dateModified":"2025-09-13T16:48:37+00:00","breadcrumb":{"@id":"https:\/\/bebeglee.com\/?product=kugu-islemeli-3lu-yenidogan-takimi-tiny-swan#breadcrumb"},"inLanguage":"tr","potentialAction":[{"@type":"ReadAction","target":["https:\/\/bebeglee.com\/?product=kugu-islemeli-3lu-yenidogan-takimi-tiny-swan"]}]},{"@type":"ImageObject","inLanguage":"tr","@id":"https:\/\/bebeglee.com\/?product=kugu-islemeli-3lu-yenidogan-takimi-tiny-swan#primaryimage","url":"https:\/\/bebeglee.com\/wp-content\/uploads\/2025\/03\/1000027801.jpg","contentUrl":"https:\/\/bebeglee.com\/wp-content\/uploads\/2025\/03\/1000027801.jpg","width":1080,"height":1350},{"@type":"BreadcrumbList","@id":"https:\/\/bebeglee.com\/?product=kugu-islemeli-3lu-yenidogan-takimi-tiny-swan#breadcrumb","itemListElement":[{"@type":"ListItem","position":1,"name":"Anasayfa","item":"https:\/\/bebeglee.com\/"},{"@type":"ListItem","position":2,"name":"Ma\u011faza","item":"https:\/\/bebeglee.com\/?page_id=6"},{"@type":"ListItem","position":3,"name":"Ku\u011fu \u0130\u015flemeli 3&#8217;l\u00fc Yenido\u011fan Tak\u0131m\u0131 \u2013 Tiny Swan"}]},{"@type":"WebSite","@id":"https:\/\/bebeglee.com\/#website","url":"https:\/\/bebeglee.com\/","name":"BEBEGLEE","description":"Miniklerin Mutlulu\u011fu \u0130\u00e7in...","publisher":{"@id":"https:\/\/bebeglee.com\/#organization"},"potentialAction":[{"@type":"SearchAction","target":{"@type":"EntryPoint","urlTemplate":"https:\/\/bebeglee.com\/?s={search_term_string}"},"query-input":{"@type":"PropertyValueSpecification","valueRequired":true,"valueName":"search_term_string"}}],"inLanguage":"tr"},{"@type":"Organization","@id":"https:\/\/bebeglee.com\/#organization","name":"BEBEGLEE","url":"https:\/\/bebeglee.com\/","logo":{"@type":"ImageObject","inLanguage":"tr","@id":"https:\/\/bebeglee.com\/#\/schema\/logo\/image\/","url":"https:\/\/bebeglee.com\/wp-content\/uploads\/2025\/11\/cropped-Adsiz-tasarim-2025-11-09T000159.593.png","contentUrl":"https:\/\/bebeglee.com\/wp-content\/uploads\/2025\/11\/cropped-Adsiz-tasarim-2025-11-09T000159.593.png","width":2158,"height":2097,"caption":"BEBEGLEE"},"image":{"@id":"https:\/\/bebeglee.com\/#\/schema\/logo\/image\/"},"sameAs":["https:\/\/www.trendyol.com\/magaza\/bebeglee-m-1111154?sst=0","https:\/\/www.hepsiburada.com\/magaza\/bebeglee","https:\/\/www.instagram.com\/bebe.glee\/"]}]}},"jetpack_sharing_enabled":true,"_links":{"self":[{"href":"https:\/\/bebeglee.com\/index.php?rest_route=\/wp\/v2\/product\/483","targetHints":{"allow":["GET"]}}],"collection":[{"href":"https:\/\/bebeglee.com\/index.php?rest_route=\/wp\/v2\/product"}],"about":[{"href":"https:\/\/bebeglee.com\/index.php?rest_route=\/wp\/v2\/types\/product"}],"replies":[{"embeddable":true,"href":"https:\/\/bebeglee.com\/index.php?rest_route=%2Fwp%2Fv2%2Fcomments&post=483"}],"wp:featuredmedia":[{"embeddable":true,"href":"https:\/\/bebeglee.com\/index.php?rest_route=\/wp\/v2\/media\/2366"}],"wp:attachment":[{"href":"https:\/\/bebeglee.com\/index.php?rest_route=%2Fwp%2Fv2%2Fmedia&parent=483"}],"wp:term":[{"taxonomy":"product_brand","embeddable":true,"href":"https:\/\/bebeglee.com\/index.php?rest_route=%2Fwp%2Fv2%2Fproduct_brand&post=483"},{"taxonomy":"product_cat","embeddable":true,"href":"https:\/\/bebeglee.com\/index.php?rest_route=%2Fwp%2Fv2%2Fproduct_cat&post=483"},{"taxonomy":"product_tag","embeddable":true,"href":"https:\/\/bebeglee.com\/index.php?rest_route=%2Fwp%2Fv2%2Fproduct_tag&post=483"}],"curies":[{"name":"wp","href":"https:\/\/api.w.org\/{rel}","templated":true}]}}