{"id":622,"date":"2025-03-08T23:35:47","date_gmt":"2025-03-08T23:35:47","guid":{"rendered":"https:\/\/bebeglee.com\/?page_id=622"},"modified":"2025-03-08T23:44:31","modified_gmt":"2025-03-08T23:44:31","slug":"kolay-iade","status":"publish","type":"page","link":"https:\/\/bebeglee.com\/?page_id=622","title":{"rendered":"Kolay \u0130ade"},"content":{"rendered":"\t\t<div data-elementor-type=\"wp-page\" data-elementor-id=\"622\" class=\"elementor elementor-622\">\n\t\t\t\t<div class=\"elementor-element elementor-element-b3e61a7 e-flex e-con-boxed e-con e-parent\" data-id=\"b3e61a7\" data-element_type=\"container\">\n\t\t\t\t\t<div class=\"e-con-inner\">\n\t\t\t\t<div class=\"elementor-element elementor-element-c99d76e elementor-widget elementor-widget-image\" data-id=\"c99d76e\" data-element_type=\"widget\" data-widget_type=\"image.default\">\n\t\t\t\t<div class=\"elementor-widget-container\">\n\t\t\t\t\t\t\t\t\t\t\t\t\t\t\t<img fetchpriority=\"high\" decoding=\"async\" width=\"729\" height=\"1024\" src=\"https:\/\/bebeglee.com\/wp-content\/uploads\/2025\/03\/121-729x1024.jpg\" class=\"attachment-large size-large wp-image-624\" alt=\"\" srcset=\"https:\/\/bebeglee.com\/wp-content\/uploads\/2025\/03\/121-729x1024.jpg 729w, https:\/\/bebeglee.com\/wp-content\/uploads\/2025\/03\/121-214x300.jpg 214w, https:\/\/bebeglee.com\/wp-content\/uploads\/2025\/03\/121-768x1078.jpg 768w, https:\/\/bebeglee.com\/wp-content\/uploads\/2025\/03\/121-300x421.jpg 300w, https:\/\/bebeglee.com\/wp-content\/uploads\/2025\/03\/121-600x842.jpg 600w, https:\/\/bebeglee.com\/wp-content\/uploads\/2025\/03\/121.jpg 844w\" sizes=\"(max-width: 729px) 100vw, 729px\" \/>\t\t\t\t\t\t\t\t\t\t\t\t\t\t\t<\/div>\n\t\t\t\t<\/div>\n\t\t\t\t\t<\/div>\n\t\t\t\t<\/div>\n\t\t<div class=\"elementor-element elementor-element-594cde3 e-flex e-con-boxed e-con e-parent\" data-id=\"594cde3\" data-element_type=\"container\">\n\t\t\t\t\t<div class=\"e-con-inner\">\n\t\t\t\t<div class=\"elementor-element elementor-element-2be30c5 elementor-widget elementor-widget-button\" data-id=\"2be30c5\" data-element_type=\"widget\" data-widget_type=\"button.default\">\n\t\t\t\t<div class=\"elementor-widget-container\">\n\t\t\t\t\t\t\t\t\t<div class=\"elementor-button-wrapper\">\n\t\t\t\t\t<a class=\"elementor-button elementor-button-link elementor-size-sm\" href=\"https:\/\/bebeglee.com\/wp-content\/uploads\/2025\/03\/121.jpg\">\n\t\t\t\t\t\t<span class=\"elementor-button-content-wrapper\">\n\t\t\t\t\t\t\t\t\t<span class=\"elementor-button-text\">FORMU \u0130ND\u0130R<\/span>\n\t\t\t\t\t<\/span>\n\t\t\t\t\t<\/a>\n\t\t\t\t<\/div>\n\t\t\t\t\t\t\t\t<\/div>\n\t\t\t\t<\/div>\n\t\t\t\t\t<\/div>\n\t\t\t\t<\/div>\n\t\t<div class=\"elementor-element elementor-element-1eef370 e-flex e-con-boxed e-con e-parent\" data-id=\"1eef370\" data-element_type=\"container\">\n\t\t\t\t\t<div class=\"e-con-inner\">\n\t\t\t\t<div class=\"elementor-element elementor-element-fc418d3 elementor-widget elementor-widget-text-editor\" data-id=\"fc418d3\" data-element_type=\"widget\" data-widget_type=\"text-editor.default\">\n\t\t\t\t<div class=\"elementor-widget-container\">\n\t\t\t\t\t\t\t\t\t<p>FORMU \u0130ND\u0130RMEK \u0130\u00c7\u0130N YUKARIDAK\u0130 BUTONA TIKLAYINIZ. A\u00c7ILAN PENCEREDE SA\u011e TIKLAYIP FARKLI KAYDET YAPMANIZ GEREKMEKTED\u0130R.<\/p>\t\t\t\t\t\t\t\t<\/div>\n\t\t\t\t<\/div>\n\t\t\t\t\t<\/div>\n\t\t\t\t<\/div>\n\t\t\t\t<\/div>\n\t\t","protected":false},"excerpt":{"rendered":"<p>FORMU \u0130ND\u0130R FORMU \u0130ND\u0130RMEK \u0130\u00c7\u0130N YUKARIDAK\u0130 BUTONA TIKLAYINIZ. A\u00c7ILAN PENCEREDE SA\u011e TIKLAYIP FARKLI KAYDET YAPMANIZ GEREKMEKTED\u0130R.<\/p>\n","protected":false},"author":1,"featured_media":0,"parent":0,"menu_order":0,"comment_status":"closed","ping_status":"closed","template":"","meta":{"_kad_post_transparent":"","_kad_post_title":"hide","_kad_post_layout":"fullwidth","_kad_post_sidebar_id":"","_kad_post_content_style":"unboxed","_kad_post_vertical_padding":"hide","_kad_post_feature":"hide","_kad_post_feature_position":"","_kad_post_header":false,"_kad_post_footer":false,"footnotes":""},"class_list":["post-622","page","type-page","status-publish","hentry"],"yoast_head":"<!-- This site is optimized with the Yoast SEO plugin v26.3 - https:\/\/yoast.com\/wordpress\/plugins\/seo\/ -->\n<title>Kolay \u0130ade - BEBEGLEE<\/title>\n<meta name=\"robots\" content=\"index, follow, max-snippet:-1, max-image-preview:large, max-video-preview:-1\" \/>\n<link rel=\"canonical\" href=\"https:\/\/bebeglee.com\/?page_id=622\" \/>\n<meta property=\"og:locale\" content=\"tr_TR\" \/>\n<meta property=\"og:type\" content=\"article\" \/>\n<meta property=\"og:title\" content=\"Kolay \u0130ade - BEBEGLEE\" \/>\n<meta property=\"og:description\" content=\"FORMU \u0130ND\u0130R FORMU \u0130ND\u0130RMEK \u0130\u00c7\u0130N YUKARIDAK\u0130 BUTONA TIKLAYINIZ. A\u00c7ILAN PENCEREDE SA\u011e TIKLAYIP FARKLI KAYDET YAPMANIZ GEREKMEKTED\u0130R.\" \/>\n<meta property=\"og:url\" content=\"https:\/\/bebeglee.com\/?page_id=622\" \/>\n<meta property=\"og:site_name\" content=\"BEBEGLEE\" \/>\n<meta property=\"article:modified_time\" content=\"2025-03-08T23:44:31+00:00\" \/>\n<meta property=\"og:image\" content=\"https:\/\/bebeglee.com\/wp-content\/uploads\/2025\/03\/121-729x1024.jpg\" \/>\n<meta name=\"twitter:card\" content=\"summary_large_image\" \/>\n<script type=\"application\/ld+json\" class=\"yoast-schema-graph\">{\"@context\":\"https:\/\/schema.org\",\"@graph\":[{\"@type\":\"WebPage\",\"@id\":\"https:\/\/bebeglee.com\/?page_id=622\",\"url\":\"https:\/\/bebeglee.com\/?page_id=622\",\"name\":\"Kolay \u0130ade - BEBEGLEE\",\"isPartOf\":{\"@id\":\"https:\/\/bebeglee.com\/#website\"},\"primaryImageOfPage\":{\"@id\":\"https:\/\/bebeglee.com\/?page_id=622#primaryimage\"},\"image\":{\"@id\":\"https:\/\/bebeglee.com\/?page_id=622#primaryimage\"},\"thumbnailUrl\":\"https:\/\/bebeglee.com\/wp-content\/uploads\/2025\/03\/121-729x1024.jpg\",\"datePublished\":\"2025-03-08T23:35:47+00:00\",\"dateModified\":\"2025-03-08T23:44:31+00:00\",\"breadcrumb\":{\"@id\":\"https:\/\/bebeglee.com\/?page_id=622#breadcrumb\"},\"inLanguage\":\"tr\",\"potentialAction\":[{\"@type\":\"ReadAction\",\"target\":[\"https:\/\/bebeglee.com\/?page_id=622\"]}]},{\"@type\":\"ImageObject\",\"inLanguage\":\"tr\",\"@id\":\"https:\/\/bebeglee.com\/?page_id=622#primaryimage\",\"url\":\"https:\/\/bebeglee.com\/wp-content\/uploads\/2025\/03\/121.jpg\",\"contentUrl\":\"https:\/\/bebeglee.com\/wp-content\/uploads\/2025\/03\/121.jpg\",\"width\":844,\"height\":1185},{\"@type\":\"BreadcrumbList\",\"@id\":\"https:\/\/bebeglee.com\/?page_id=622#breadcrumb\",\"itemListElement\":[{\"@type\":\"ListItem\",\"position\":1,\"name\":\"Anasayfa\",\"item\":\"https:\/\/bebeglee.com\/\"},{\"@type\":\"ListItem\",\"position\":2,\"name\":\"Kolay \u0130ade\"}]},{\"@type\":\"WebSite\",\"@id\":\"https:\/\/bebeglee.com\/#website\",\"url\":\"https:\/\/bebeglee.com\/\",\"name\":\"BEBEGLEE\",\"description\":\"Miniklerin Mutlulu\u011fu \u0130\u00e7in...\",\"publisher\":{\"@id\":\"https:\/\/bebeglee.com\/#organization\"},\"potentialAction\":[{\"@type\":\"SearchAction\",\"target\":{\"@type\":\"EntryPoint\",\"urlTemplate\":\"https:\/\/bebeglee.com\/?s={search_term_string}\"},\"query-input\":{\"@type\":\"PropertyValueSpecification\",\"valueRequired\":true,\"valueName\":\"search_term_string\"}}],\"inLanguage\":\"tr\"},{\"@type\":\"Organization\",\"@id\":\"https:\/\/bebeglee.com\/#organization\",\"name\":\"BEBEGLEE\",\"url\":\"https:\/\/bebeglee.com\/\",\"logo\":{\"@type\":\"ImageObject\",\"inLanguage\":\"tr\",\"@id\":\"https:\/\/bebeglee.com\/#\/schema\/logo\/image\/\",\"url\":\"https:\/\/bebeglee.com\/wp-content\/uploads\/2025\/11\/cropped-Adsiz-tasarim-2025-11-09T000159.593.png\",\"contentUrl\":\"https:\/\/bebeglee.com\/wp-content\/uploads\/2025\/11\/cropped-Adsiz-tasarim-2025-11-09T000159.593.png\",\"width\":2158,\"height\":2097,\"caption\":\"BEBEGLEE\"},\"image\":{\"@id\":\"https:\/\/bebeglee.com\/#\/schema\/logo\/image\/\"},\"sameAs\":[\"https:\/\/www.trendyol.com\/magaza\/bebeglee-m-1111154?sst=0\",\"https:\/\/www.hepsiburada.com\/magaza\/bebeglee\",\"https:\/\/www.instagram.com\/bebe.glee\/\"]}]}<\/script>\n<!-- \/ Yoast SEO plugin. -->","yoast_head_json":{"title":"Kolay \u0130ade - BEBEGLEE","robots":{"index":"index","follow":"follow","max-snippet":"max-snippet:-1","max-image-preview":"max-image-preview:large","max-video-preview":"max-video-preview:-1"},"canonical":"https:\/\/bebeglee.com\/?page_id=622","og_locale":"tr_TR","og_type":"article","og_title":"Kolay \u0130ade - BEBEGLEE","og_description":"FORMU \u0130ND\u0130R FORMU \u0130ND\u0130RMEK \u0130\u00c7\u0130N YUKARIDAK\u0130 BUTONA TIKLAYINIZ. A\u00c7ILAN PENCEREDE SA\u011e TIKLAYIP FARKLI KAYDET YAPMANIZ GEREKMEKTED\u0130R.","og_url":"https:\/\/bebeglee.com\/?page_id=622","og_site_name":"BEBEGLEE","article_modified_time":"2025-03-08T23:44:31+00:00","og_image":[{"url":"https:\/\/bebeglee.com\/wp-content\/uploads\/2025\/03\/121-729x1024.jpg","type":"","width":"","height":""}],"twitter_card":"summary_large_image","schema":{"@context":"https:\/\/schema.org","@graph":[{"@type":"WebPage","@id":"https:\/\/bebeglee.com\/?page_id=622","url":"https:\/\/bebeglee.com\/?page_id=622","name":"Kolay \u0130ade - BEBEGLEE","isPartOf":{"@id":"https:\/\/bebeglee.com\/#website"},"primaryImageOfPage":{"@id":"https:\/\/bebeglee.com\/?page_id=622#primaryimage"},"image":{"@id":"https:\/\/bebeglee.com\/?page_id=622#primaryimage"},"thumbnailUrl":"https:\/\/bebeglee.com\/wp-content\/uploads\/2025\/03\/121-729x1024.jpg","datePublished":"2025-03-08T23:35:47+00:00","dateModified":"2025-03-08T23:44:31+00:00","breadcrumb":{"@id":"https:\/\/bebeglee.com\/?page_id=622#breadcrumb"},"inLanguage":"tr","potentialAction":[{"@type":"ReadAction","target":["https:\/\/bebeglee.com\/?page_id=622"]}]},{"@type":"ImageObject","inLanguage":"tr","@id":"https:\/\/bebeglee.com\/?page_id=622#primaryimage","url":"https:\/\/bebeglee.com\/wp-content\/uploads\/2025\/03\/121.jpg","contentUrl":"https:\/\/bebeglee.com\/wp-content\/uploads\/2025\/03\/121.jpg","width":844,"height":1185},{"@type":"BreadcrumbList","@id":"https:\/\/bebeglee.com\/?page_id=622#breadcrumb","itemListElement":[{"@type":"ListItem","position":1,"name":"Anasayfa","item":"https:\/\/bebeglee.com\/"},{"@type":"ListItem","position":2,"name":"Kolay \u0130ade"}]},{"@type":"WebSite","@id":"https:\/\/bebeglee.com\/#website","url":"https:\/\/bebeglee.com\/","name":"BEBEGLEE","description":"Miniklerin Mutlulu\u011fu \u0130\u00e7in...","publisher":{"@id":"https:\/\/bebeglee.com\/#organization"},"potentialAction":[{"@type":"SearchAction","target":{"@type":"EntryPoint","urlTemplate":"https:\/\/bebeglee.com\/?s={search_term_string}"},"query-input":{"@type":"PropertyValueSpecification","valueRequired":true,"valueName":"search_term_string"}}],"inLanguage":"tr"},{"@type":"Organization","@id":"https:\/\/bebeglee.com\/#organization","name":"BEBEGLEE","url":"https:\/\/bebeglee.com\/","logo":{"@type":"ImageObject","inLanguage":"tr","@id":"https:\/\/bebeglee.com\/#\/schema\/logo\/image\/","url":"https:\/\/bebeglee.com\/wp-content\/uploads\/2025\/11\/cropped-Adsiz-tasarim-2025-11-09T000159.593.png","contentUrl":"https:\/\/bebeglee.com\/wp-content\/uploads\/2025\/11\/cropped-Adsiz-tasarim-2025-11-09T000159.593.png","width":2158,"height":2097,"caption":"BEBEGLEE"},"image":{"@id":"https:\/\/bebeglee.com\/#\/schema\/logo\/image\/"},"sameAs":["https:\/\/www.trendyol.com\/magaza\/bebeglee-m-1111154?sst=0","https:\/\/www.hepsiburada.com\/magaza\/bebeglee","https:\/\/www.instagram.com\/bebe.glee\/"]}]}},"jetpack_sharing_enabled":true,"_links":{"self":[{"href":"https:\/\/bebeglee.com\/index.php?rest_route=\/wp\/v2\/pages\/622","targetHints":{"allow":["GET"]}}],"collection":[{"href":"https:\/\/bebeglee.com\/index.php?rest_route=\/wp\/v2\/pages"}],"about":[{"href":"https:\/\/bebeglee.com\/index.php?rest_route=\/wp\/v2\/types\/page"}],"author":[{"embeddable":true,"href":"https:\/\/bebeglee.com\/index.php?rest_route=\/wp\/v2\/users\/1"}],"replies":[{"embeddable":true,"href":"https:\/\/bebeglee.com\/index.php?rest_route=%2Fwp%2Fv2%2Fcomments&post=622"}],"version-history":[{"count":7,"href":"https:\/\/bebeglee.com\/index.php?rest_route=\/wp\/v2\/pages\/622\/revisions"}],"predecessor-version":[{"id":631,"href":"https:\/\/bebeglee.com\/index.php?rest_route=\/wp\/v2\/pages\/622\/revisions\/631"}],"wp:attachment":[{"href":"https:\/\/bebeglee.com\/index.php?rest_route=%2Fwp%2Fv2%2Fmedia&parent=622"}],"curies":[{"name":"wp","href":"https:\/\/api.w.org\/{rel}","templated":true}]}}